 be r(0). Let d = j + -559. What is the highest common divisor of d and 143?
13
Let v(b) = 1175*b + 7102. Let c be v(-6). What is the greatest common divisor of 7293 and c?
13
Suppose -5723 = -82*p + 6084 + 3937. What is the greatest common factor of 1128 and p?
24
Let o(q) = 2*q + 25. Let f be o(6). What is the greatest common divisor of f and 22829?
37
Let d(b) = 227*b - 19. Let u be d(2). What is the greatest common factor of 348 and u?
87
Let s = -9316 - -20441. What is the greatest common factor of 125 and s?
125
Let u = -4405 + 4455. Calculate the highest common divisor of 1790 and u.
10
Suppose 19*y - 41 = 69 - 34. Calculate the highest common factor of 2510 and y.
2
Suppose -1038 + 120 = -29*n + 213. What is the greatest common factor of n and 258?
3
Suppose 12*r - 603 = -3087. Let h = -147 - r. What is the greatest common factor of 300 and h?
60
Suppose -2*h + 194 = x, -3*x - 4*h + 583 = h. Let k(t) = -113*t - 10001. Let b be k(-89). Calculate the highest common factor of b and x.
28
Suppose -41*i = 41*i - 40590. Calculate the greatest common factor of i and 360.
45
Let q = -3650 - -4233. Calculate the highest common factor of q and 106.
53
Let s = -1773 - -3555. What is the highest common divisor of 108 and s?
54
Let u(n) = n**2 - 3. Let d be u(-3). Let o(q) = -q**2 + 6*q + 3. Let x be o(d). Let v be 186*(-24)/144 + 36. What is the highest common divisor of v and x?
1
Let y be ((-888)/(-44))/(102/748). What is the greatest common divisor of 1073 and y?
37
Let y = 5673 - 5495. Calculate the highest common factor of 8366 and y.
178
Suppose 3*h + 7*h - 152 = -9*h. Calculate the greatest common factor of 4272 and h.
8
Let c = 216 + 72. Suppose 4*n + c = 12*n. Suppose -2*v - 3 = g - 15, 0 = -4*g + v + 48. Calculate the greatest common divisor of g and n.
12
Let n = 48 + -30. Let s be -3 - (1 + 1)/(-1). Let j(c) = -4*c**3 - c**2. Let k be j(s). What is the highest common factor of k and n?
3
Let i = -62 + -25. Suppose 5*y = -3*g + 589, g = -2*y - 552 + 787. Let s = y + i. What is the highest common divisor of 29 and s?
29
Let l = 12114 + -8307. Calculate the highest common factor of 81 and l.
81
Let o be ((-116)/(-6) + -1)/((-640)/(-96000)). What is the greatest common divisor of 330 and o?
110
Let b be 4*6/60*15/2. Suppose -b*i + 2*d = -134, -5*d = 5*i - 3*i - 121. What is the greatest common factor of i and 312?
24
Suppose -1706 = 171*s - 7862. What is the highest common factor of s and 225?
9
Suppose 5*y + 18 + 12 = 4*o, 3*o - 22 = 4*y. What is the highest common divisor of 3310 and o?
10
Let i be (-1 + 2)/(((-33)/6)/11). Let f be 18/i*6/(-12)*2. Suppose f = 19*m - 16*m. Calculate the greatest common factor of 27 and m.
3
Suppose 2*v = -d + 670, 4*d + 3*v - 433 - 2262 = 0. What is the greatest common factor of 4 and d?
4
Let y(n) = 13*n - 95. Let z(p) = -p - 2. Let m(j) = -y(j) + 4*z(j). Let s be m(-4). What is the highest common factor of 62 and s?
31
Let s be 424/(-1 + (5 - 2)). Let z(j) = 18*j + 346. Let q be z(-19). Calculate the highest common divisor of q and s.
4
Suppose 10*q - 22 = 8. Suppose h + 34 = -l, 0*h - 4*h = q*l + 101. Let k = 41 + l. What is the highest common factor of 42 and k?
6
Suppose -3*i + 11619 = 1981*g - 1977*g, 0 = -4*i + 4. What is the greatest common divisor of g and 72?
24
Let t = 66 + -2. Suppose t + 76 = 5*w. Calculate the highest common factor of 238 and w.
14
Let r(p) = 184*p**3 - p**2 - 1. Let k be r(1). Suppose -k + 515 = 3*o. What is the greatest common factor of o and 37?
37
Suppose 19*w - 104*w + 15214 = 14704. Calculate the highest common factor of 1488 and w.
6
Let n be 14 + -2 - (5 + 49/(-7)). Calculate the greatest common factor of 4375 and n.
7
Suppose 0 = -2*p - 3*g, 0 = 3*g + g + 8. Suppose p*a = -0*a. Suppose 5*z + i - 168 = a, -5*z + 0*z + 5*i = -150. What is the highest common factor of z and 3?
3
Suppose -9*k = -2*c - 10*k + 427, 5*c - 1100 = 4*k. Calculate the highest common factor of 40 and c.
8
Let i = 29536 + -19141. Calculate the greatest common factor of 35 and i.
35
Let g = -148 - -149. Let y be 10 - (g*(-9)/(-3) + -2). What is the greatest common factor of y and 171?
9
Let i be 10/(711/1580 + 1/(-5)*1). What is the highest common divisor of i and 8680?
40
Let w(g) = -12*g**2 + 5*g + 5. Let x be w(-2). Let t be (-948)/(-16) - (-2)/(-8). Let q = t + x. What is the highest common divisor of 30 and q?
6
Let y(b) = b**2 + 8. Let t be y(0). Let u be (-8413)/(-47) - (-1 - -4). What is the highest common factor of u and t?
8
Suppose -25*g + 4*g + 448 = 11*g. Let i = -2 + 6. Suppose -4*x - 24 = i*w - 252, -w = -3*x - 53. Calculate the highest common factor of w and g.
14
Let n = -28849 + 28921. Calculate the highest common factor of n and 12924.
36
Let p(x) = 16*x**3 - 4*x**2 - 4*x + 9. Let c be p(3). Let d = 601 - c. What is the greatest common divisor of 16 and d?
16
Let j be 8 + (2 - 3)*7. Let i be 4/16*(-1 + j) - -315. What is the greatest common factor of i and 35?
35
Let g(o) be the first derivative of -o**3/3 + 4*o**2 - 7*o + 5. Let i be g(5). Let r = -793 + 817. What is the highest common divisor of i and r?
8
Let v(k) = -301*k - 3134. Let b be v(-42). What is the greatest common factor of b and 4?
4
Let x be 16/3 + (-2)/6. Suppose 4*j + 3*w = -1287, 149*j - 151*j - 5*w - 661 = 0. Let r = -313 - j. What is the highest common divisor of r and x?
5
Let d(a) = 80*a**3 - 1. Let i be d(1). What is the highest common factor of i and 1817?
79
Let q(o) = 8*o**2 - 2*o. Let c be q(3). Let u = -1278 + 1220. Let k = u + 223. What is the highest common divisor of k and c?
33
Suppose -2*l = 841*t - 835*t - 168, 4*l - 17 = -t. Let q(m) = 15*m - 1. Let z be q(2). What is the greatest common factor of t and z?
29
Let w(v) = -4 + 12*v + 5*v + 10*v + 3*v. Let x be w(1). Suppose -28*t + 400 = -x*t. What is the greatest common factor of 25 and t?
25
Let m be -3*(-16)/(-12) + 151. Suppose -8*j + 290 + 1702 = 0. Let v = -228 + j. What is the highest common factor of v and m?
21
Let r be 1261/9 - 7/63. Calculate the greatest common factor of r and 60.
20
Let i be 491555/30 + -1 + 3/(-23 - -5). Calculate the greatest common divisor of 16 and i.
16
Let a(f) = -f**3 + 14*f**2 + 36*f - 56. Let x be a(16). Calculate the highest common factor of 1416 and x.
8
Let t be 140 + 5/(10/6). Let d be 6/(-16) + 11 + (-24651)/(-264). Calculate the greatest common factor of t and d.
13
Suppose -16*a - 11*a - 4*a = -93. Calculate the highest common divisor of 309 and a.
3
Let m(w) = w**3 - 4*w**2 - 3*w - 9. Let s be m(4). Let f(c) = c**2 + 10*c + 4. Let r be f(-6). Let z = r - s. What is the highest common divisor of 5 and z?
1
Let q = 265 + -154. Suppose 2*c = p - q, -3*p = -7 - 8. Let m = c + 59. Calculate the greatest common factor of m and 12.
6
Let l = 8 - 12. Let u be (18/5 + l)*105. Let y = u + 52. Calculate the highest common factor of y and 90.
10
Let l(x) = x**2 + 25*x + 39. Let v be l(-23). Let c be v - (-19)/((-57)/(-3696)). Calculate the greatest common divisor of c and 25.
25
Suppose -5*q + 15 = -0*q. Suppose -q*d = 12, 17*d = 3*k + 21*d - 17. Calculate the greatest common divisor of 44 and k.
11
Let j = 3431 - -2862. Calculate the highest common divisor of 203 and j.
203
Let f be 98/98*(-4 + 80). What is the greatest common factor of f and 19342?
38
Let y be (1/(-6) + (-88)/48)*-28. Let j(h) = -7*h + y*h**2 - 108*h**2 - 1 + 55*h**2. Let w be j(3). What is the highest common divisor of w and 45?
5
Suppose 205*w = 206*w + g - 1469, -6*w - 5*g + 8819 = 0. Calculate the highest common divisor of w and 110.
22
Let p(k) = 4*k**2 + 6*k - 4. Let b be p(-6). Let c(w) = -w**2 + 13*w + 20. Let a be c(12). Let m = b - a. What is the highest common divisor of m and 8?
8
Let k(p) = -p**2 - 23*p - 10. Suppose 16*x - 51 = 13*x. Let r = x + -38. Let v be k(r). What is the highest common divisor of 2 and v?
2
Suppose 4*s = 2*n + 199 + 323, 0 = -4*s - 2*n + 518. Calculate the highest common factor of 702 and s.
26
Let h(z) = 14*z**2 + 5*z - 6. Let c be h(-2). Suppose 4*x - c = k - 0*k, -4*x = -5*k - 40. Calculate the highest common divisor of 15 and x.
5
Let t(a) = 69*a + 9. Suppose -11*b - 29 = -5*y - 14*b, -8 = -5*y + 4*b. Let u be t(y). Calculate the greatest common factor of 190 and u.
95
Let h(b) be the third deriv